{"version":"1.0","provider_name":"Pierre-Fran\u00e7ois Prot - Apiculteur - V\u00e9retz","provider_url":"https:\/\/www.pfmiel.fr\/miel","author_name":"Pierre-Fran\u00e7ois","author_url":"https:\/\/www.pfmiel.fr\/miel\/author\/pf\/","title":"D\u00e9but de saison en demi-teinte - Pierre-Fran\u00e7ois Prot - Apiculteur - V\u00e9retz","type":"rich","width":600,"height":338,"html":"<blockquote class=\"wp-embedded-content\" data-secret=\"kGNuRN8mZN\"><a href=\"https:\/\/www.pfmiel.fr\/miel\/debut-de-saison-en-demi-teinte\/\">D\u00e9but de saison en demi-teinte<\/a><\/blockquote><iframe sandbox=\"allow-scripts\" security=\"restricted\" src=\"https:\/\/www.pfmiel.fr\/miel\/debut-de-saison-en-demi-teinte\/embed\/#?secret=kGNuRN8mZN\" width=\"600\" height=\"338\" title=\"\u00ab\u00a0D\u00e9but de saison en demi-teinte\u00a0\u00bb &#8212; Pierre-Fran\u00e7ois Prot - Apiculteur - V\u00e9retz\" data-secret=\"kGNuRN8mZN\" frameborder=\"0\" marginwidth=\"0\" marginheight=\"0\" scrolling=\"no\" class=\"wp-embedded-content\"><\/iframe><script>\n\/*! This file is auto-generated *\/\n!function(d,l){\"use strict\";l.querySelector&&d.addEventListener&&\"undefined\"!=typeof URL&&(d.wp=d.wp||{},d.wp.receiveEmbedMessage||(d.wp.receiveEmbedMessage=function(e){var t=e.data;if((t||t.secret||t.message||t.value)&&!\/[^a-zA-Z0-9]\/.test(t.secret)){for(var s,r,n,a=l.querySelectorAll('iframe[data-secret=\"'+t.secret+'\"]'),o=l.querySelectorAll('blockquote[data-secret=\"'+t.secret+'\"]'),c=new RegExp(\"^https?:$\",\"i\"),i=0;i<o.length;i++)o[i].style.display=\"none\";for(i=0;i<a.length;i++)s=a[i],e.source===s.contentWindow&&(s.removeAttribute(\"style\"),\"height\"===t.message?(1e3<(r=parseInt(t.value,10))?r=1e3:~~r<200&&(r=200),s.height=r):\"link\"===t.message&&(r=new URL(s.getAttribute(\"src\")),n=new URL(t.value),c.test(n.protocol))&&n.host===r.host&&l.activeElement===s&&(d.top.location.href=t.value))}},d.addEventListener(\"message\",d.wp.receiveEmbedMessage,!1),l.addEventListener(\"DOMContentLoaded\",function(){for(var e,t,s=l.querySelectorAll(\"iframe.wp-embedded-content\"),r=0;r<s.length;r++)(t=(e=s[r]).getAttribute(\"data-secret\"))||(t=Math.random().toString(36).substring(2,12),e.src+=\"#?secret=\"+t,e.setAttribute(\"data-secret\",t)),e.contentWindow.postMessage({message:\"ready\",secret:t},\"*\")},!1)))}(window,document);\n\/\/# sourceURL=https:\/\/www.pfmiel.fr\/miel\/wp-includes\/js\/wp-embed.min.js\n<\/script>\n","description":"\u00e7a y&rsquo;est c&rsquo;est d\u00e9but avril la saison d&rsquo;apiculture d\u00e9bute. Les ruches sont pour certaines sur les fruitiers depuis quelques semaines. Pour les autres c&rsquo;est la proximit\u00e9 du colza qui devrait les \u00ab\u00a0booster\u00a0\u00bb en ce d\u00e9but de saison. Les hausses ont \u00e9t\u00e9 pos\u00e9es cette semaine &#8230; encore un peu de patience et le miel de printemps &hellip; Continuer la lecture de &laquo;&nbsp;&nbsp;&raquo;","thumbnail_url":"https:\/\/www.pfmiel.fr\/miel\/wp-content\/uploads\/2023\/04\/1681118021079-1024x769.jpg"}

Pierre-François Prot - Apiculteur - Véretz

Pierre-François

Début de saison en demi-teinte - Pierre-François Prot - Apiculteur - Véretz

<blockquote class="wp-embedded-content" data-secret="kGNuRN8mZN"><a href="https://www.pfmiel.fr/miel/debut-de-saison-en-demi-teinte/">Début de saison en demi-teinte</a></blockquote><iframe sandbox="allow-scripts" security="restricted" src="https://www.pfmiel.fr/miel/debut-de-saison-en-demi-teinte/embed/#?secret=kGNuRN8mZN" width="600" height="338" title="« Début de saison en demi-teinte » &#8212; Pierre-François Prot - Apiculteur - Véretz" data-secret="kGNuRN8mZN" frameborder="0" marginwidth="0" marginheight="0" scrolling="no" class="wp-embedded-content"></iframe><script>
/*! This file is auto-generated */
!function(d,l){"use strict";l.querySelector&&d.addEventListener&&"undefined"!=typeof URL&&(d.wp=d.wp||{},d.wp.receiveEmbedMessage||(d.wp.receiveEmbedMessage=function(e){var t=e.data;if((t||t.secret||t.message||t.value)&&!/[^a-zA-Z0-9]/.test(t.secret)){for(var s,r,n,a=l.querySelectorAll('iframe[data-secret="'+t.secret+'"]'),o=l.querySelectorAll('blockquote[data-secret="'+t.secret+'"]'),c=new RegExp("^https?:$","i"),i=0;i<o.length;i++)o[i].style.display="none";for(i=0;i<a.length;i++)s=a[i],e.source===s.contentWindow&&(s.removeAttribute("style"),"height"===t.message?(1e3<(r=parseInt(t.value,10))?r=1e3:~~r<200&&(r=200),s.height=r):"link"===t.message&&(r=new URL(s.getAttribute("src")),n=new URL(t.value),c.test(n.protocol))&&n.host===r.host&&l.activeElement===s&&(d.top.location.href=t.value))}},d.addEventListener("message",d.wp.receiveEmbedMessage,!1),l.addEventListener("DOMContentLoaded",function(){for(var e,t,s=l.querySelectorAll("iframe.wp-embedded-content"),r=0;r<s.length;r++)(t=(e=s[r]).getAttribute("data-secret"))||(t=Math.random().toString(36).substring(2,12),e.src+="#?secret="+t,e.setAttribute("data-secret",t)),e.contentWindow.postMessage({message:"ready",secret:t},"*")},!1)))}(window,document);
//# sourceURL=https://www.pfmiel.fr/miel/wp-includes/js/wp-embed.min.js
</script>

ça y&rsquo;est c&rsquo;est début avril la saison d&rsquo;apiculture débute. Les ruches sont pour certaines sur les fruitiers depuis quelques semaines. Pour les autres c&rsquo;est la proximité du colza qui devrait les « booster » en ce début de saison. Les hausses ont été posées cette semaine &#8230; encore un peu de patience et le miel de printemps &hellip; Continuer la lecture de &laquo;&nbsp;&nbsp;&raquo;
